CRAN Package Check Results for Package yap

Last updated on 2021-10-19 05:51:20 CEST.

Flavor Version Tinstall Tcheck Ttotal Status Flags
r-devel-linux-x86_64-debian-clang 0.1.1 3.03 33.50 36.53 NOTE
r-devel-linux-x86_64-debian-gcc 0.1.1 2.17 25.34 27.51 NOTE
r-devel-linux-x86_64-fedora-clang 0.1.1 56.43 NOTE
r-devel-linux-x86_64-fedora-gcc 0.1.1 42.60 NOTE
r-devel-windows-x86_64 0.1.1 5.00 44.00 49.00 NOTE
r-devel-windows-x86_64-gcc10-UCRT 0.1.1 NOTE
r-patched-linux-x86_64 0.1.1 2.91 31.46 34.37 NOTE
r-patched-solaris-x86 0.1.1 72.80 NOTE
r-release-linux-x86_64 0.1.1 2.99 32.32 35.31 NOTE
r-release-macos-arm64 0.1.1 NOTE
r-release-macos-x86_64 0.1.1 NOTE
r-release-windows-ix86+x86_64 0.1.1 6.00 62.00 68.00 NOTE
r-oldrel-macos-x86_64 0.1.1 OK
r-oldrel-windows-ix86+x86_64 0.1.1 8.00 55.00 63.00 OK

Check Details

Version: 0.1.1
Check: LazyData
Result: NOTE
     'LazyData' is specified without a 'data' directory
Flavors: r-devel-linux-x86_64-debian-clang, r-devel-linux-x86_64-debian-gcc, r-devel-linux-x86_64-fedora-clang, r-devel-linux-x86_64-fedora-gcc, r-devel-windows-x86_64, r-devel-windows-x86_64-gcc10-UCRT, r-patched-linux-x86_64, r-patched-solaris-x86, r-release-linux-x86_64, r-release-macos-arm64, r-release-macos-x86_64, r-release-windows-ix86+x86_64