CRAN Package Check Results for Package xlsimple

Last updated on 2021-10-19 05:51:20 CEST.

Flavor Version Tinstall Tcheck Ttotal Status Flags
r-devel-linux-x86_64-debian-clang 1.0.5 2.04 43.32 45.36 NOTE
r-devel-linux-x86_64-debian-gcc 1.0.5 1.49 32.62 34.11 NOTE
r-devel-linux-x86_64-fedora-clang 1.0.5 65.09 NOTE
r-devel-linux-x86_64-fedora-gcc 1.0.5 49.76 NOTE
r-devel-windows-x86_64 1.0.5 4.00 72.00 76.00 NOTE
r-devel-windows-x86_64-gcc10-UCRT 1.0.5 NOTE
r-patched-linux-x86_64 1.0.5 2.17 43.35 45.52 NOTE
r-release-linux-x86_64 1.0.5 1.96 44.39 46.35 NOTE
r-release-macos-arm64 1.0.5 NOTE
r-release-macos-x86_64 1.0.5 NOTE
r-release-windows-ix86+x86_64 1.0.5 4.00 104.00 108.00 NOTE
r-oldrel-macos-x86_64 1.0.5 OK
r-oldrel-windows-ix86+x86_64 1.0.5 6.00 130.00 136.00 OK

Check Details

Version: 1.0.5
Check: LazyData
Result: NOTE
     'LazyData' is specified without a 'data' directory
Flavors: r-devel-linux-x86_64-debian-clang, r-devel-linux-x86_64-debian-gcc, r-devel-linux-x86_64-fedora-clang, r-devel-linux-x86_64-fedora-gcc, r-devel-windows-x86_64, r-devel-windows-x86_64-gcc10-UCRT, r-patched-linux-x86_64, r-release-linux-x86_64, r-release-macos-arm64, r-release-macos-x86_64, r-release-windows-ix86+x86_64