CRAN Package Check Results for Package wordsalad

Last updated on 2021-05-16 05:48:12 CEST.

Flavor Version Tinstall Tcheck Ttotal Status Flags
r-devel-linux-x86_64-debian-clang 0.2.0 1.92 44.21 46.13 OK
r-devel-linux-x86_64-debian-gcc 0.2.0 1.66 32.22 33.88 OK
r-devel-linux-x86_64-fedora-clang 0.2.0 60.97 NOTE
r-devel-linux-x86_64-fedora-gcc 0.2.0 49.14 NOTE
r-devel-windows-ix86+x86_64 0.2.0 6.00 53.00 59.00 OK
r-devel-windows-x86_64-gcc10-UCRT 0.2.0 NOTE
r-patched-linux-x86_64 0.2.0 2.09 40.64 42.73 OK
r-patched-solaris-x86 0.2.0 87.80 NOTE
r-release-linux-x86_64 0.2.0 1.89 39.67 41.56 OK
r-release-macos-x86_64 0.2.0 NOTE
r-release-windows-ix86+x86_64 0.2.0 4.00 62.00 66.00 OK
r-oldrel-macos-x86_64 0.2.0 NOTE
r-oldrel-windows-ix86+x86_64 0.2.0 3.00 55.00 58.00 OK

Check Details

Version: 0.2.0
Check: data for non-ASCII characters
Result: NOTE
     Note: found 3 marked UTF-8 strings
Flavors: r-devel-linux-x86_64-fedora-clang, r-devel-linux-x86_64-fedora-gcc, r-devel-windows-x86_64-gcc10-UCRT, r-patched-solaris-x86, r-release-macos-x86_64, r-oldrel-macos-x86_64