Last updated on 2022-07-06 05:54:16 CEST.
Flavor | Version | Tinstall | Tcheck | Ttotal | Status | Flags |
---|---|---|---|---|---|---|
r-devel-linux-x86_64-debian-clang | 1.0.4 | 19.41 | 139.52 | 158.93 | OK | |
r-devel-linux-x86_64-debian-gcc | 1.0.4 | 14.31 | 101.34 | 115.65 | OK | |
r-devel-linux-x86_64-fedora-clang | 1.0.4 | 196.48 | WARN | |||
r-devel-linux-x86_64-fedora-gcc | 1.0.4 | 193.38 | WARN | |||
r-devel-windows-x86_64 | 1.0.4 | 32.00 | 149.00 | 181.00 | OK | |
r-patched-linux-x86_64 | 1.0.4 | 25.17 | 128.42 | 153.59 | OK | |
r-release-linux-x86_64 | 1.0.4 | 14.10 | 131.24 | 145.34 | OK | |
r-release-macos-arm64 | 1.0.4 | 51.00 | OK | |||
r-release-macos-x86_64 | 1.0.4 | 87.00 | OK | |||
r-release-windows-x86_64 | 1.0.4 | 28.00 | 164.00 | 192.00 | OK | |
r-oldrel-macos-arm64 | 1.0.4 | 57.00 | OK | |||
r-oldrel-macos-x86_64 | 1.0.4 | 64.00 | OK | |||
r-oldrel-windows-ix86+x86_64 | 1.0.4 | 45.00 | 199.00 | 244.00 | OK |
Version: 1.0.4
Check: package dependencies
Result: WARN
Requires (indirectly) orphaned package: ‘gtools’
Flavors: r-devel-linux-x86_64-fedora-clang, r-devel-linux-x86_64-fedora-gcc