CRAN Package Check Results for Package webglobe

Last updated on 2021-10-18 05:54:38 CEST.

Flavor Version Tinstall Tcheck Ttotal Status Flags
r-devel-linux-x86_64-debian-clang 1.0.3 8.69 78.76 87.45 OK
r-devel-linux-x86_64-debian-gcc 1.0.3 7.05 61.02 68.07 OK
r-devel-linux-x86_64-fedora-clang 1.0.3 116.03 NOTE
r-devel-linux-x86_64-fedora-gcc 1.0.3 104.04 OK
r-devel-windows-x86_64 1.0.3 22.00 115.00 137.00 NOTE
r-devel-windows-x86_64-gcc10-UCRT 1.0.3 OK
r-patched-linux-x86_64 1.0.3 8.63 74.09 82.72 OK
r-patched-solaris-x86 1.0.3 188.50 NOTE
r-release-linux-x86_64 1.0.3 7.19 74.34 81.53 OK
r-release-macos-arm64 1.0.3 NOTE
r-release-macos-x86_64 1.0.3 NOTE
r-release-windows-ix86+x86_64 1.0.3 36.00 184.00 220.00 NOTE
r-oldrel-macos-x86_64 1.0.3 NOTE
r-oldrel-windows-ix86+x86_64 1.0.3 37.00 152.00 189.00 NOTE

Check Details

Version: 1.0.3
Check: installed package size
Result: NOTE
     installed size is 10.8Mb
     sub-directories of 1Mb or more:
     client 9.6Mb
     doc 1.0Mb
Flavors: r-devel-linux-x86_64-fedora-clang, r-devel-windows-x86_64, r-patched-solaris-x86, r-release-macos-arm64, r-release-macos-x86_64, r-release-windows-ix86+x86_64, r-oldrel-macos-x86_64, r-oldrel-windows-ix86+x86_64