CRAN Package Check Results for Package wTO

Last updated on 2021-08-04 05:52:59 CEST.

Flavor Version Tinstall Tcheck Ttotal Status Flags
r-devel-linux-x86_64-debian-clang 1.6.3 5.63 66.05 71.68 NOTE
r-devel-linux-x86_64-debian-gcc 1.6.3 4.42 49.52 53.94 NOTE
r-devel-linux-x86_64-fedora-clang 1.6.3 94.90 NOTE
r-devel-linux-x86_64-fedora-gcc 1.6.3 80.12 NOTE
r-devel-windows-x86_64 1.6.3 6.00 86.00 92.00 NOTE
r-devel-windows-x86_64-gcc10-UCRT 1.6.3 NOTE
r-patched-linux-x86_64 1.6.3 5.87 61.23 67.10 NOTE
r-patched-solaris-x86 1.6.3 122.80 NOTE
r-release-linux-x86_64 1.6.3 5.00 61.20 66.20 NOTE
r-release-macos-arm64 1.6.3 NOTE
r-release-macos-x86_64 1.6.3 NOTE
r-release-windows-ix86+x86_64 1.6.3 12.00 63.00 75.00 NOTE
r-oldrel-macos-x86_64 1.6.3 NOTE
r-oldrel-windows-ix86+x86_64 1.6.3 10.00 86.00 96.00 NOTE

Check Details

Version: 1.6.3
Check: package vignettes
Result: NOTE
    Package vignette with placeholder title 'Vignette Title':
     'wTOvignette.Rmd'
Flavors: r-devel-linux-x86_64-debian-clang, r-devel-linux-x86_64-debian-gcc, r-devel-windows-x86_64, r-patched-linux-x86_64, r-release-linux-x86_64, r-release-windows-ix86+x86_64, r-oldrel-windows-ix86+x86_64

Version: 1.6.3
Check: dependencies in R code
Result: NOTE
    Namespace in Imports field not imported from: ‘shiny’
     All declared Imports should be used.
Flavors: r-devel-linux-x86_64-fedora-clang, r-devel-linux-x86_64-fedora-gcc, r-devel-windows-x86_64-gcc10-UCRT, r-patched-solaris-x86, r-release-macos-arm64, r-release-macos-x86_64, r-oldrel-macos-x86_64