CRAN Package Check Results for Package votesmart

Last updated on 2022-01-22 05:10:37 CET.

Flavor Version Tinstall Tcheck Ttotal Status Flags
r-devel-linux-x86_64-debian-clang 0.1.0 5.16 59.39 64.55 OK
r-devel-linux-x86_64-debian-gcc 0.1.0 4.24 44.88 49.12 OK
r-devel-linux-x86_64-fedora-clang 0.1.0 80.69 NOTE
r-devel-linux-x86_64-fedora-gcc 0.1.0 64.81 NOTE
r-devel-windows-x86_64-new-UL 0.1.0 64.00 92.00 156.00 OK
r-devel-windows-x86_64-new-TK 0.1.0 NOTE
r-patched-linux-x86_64 0.1.0 5.73 54.96 60.69 OK
r-release-linux-x86_64 0.1.0 4.34 53.94 58.28 OK
r-release-macos-arm64 0.1.0 NOTE
r-release-macos-x86_64 0.1.0 NOTE
r-release-windows-ix86+x86_64 0.1.0 12.00 69.00 81.00 OK
r-oldrel-macos-x86_64 0.1.0 NOTE
r-oldrel-windows-ix86+x86_64 0.1.0 13.00 69.00 82.00 OK

Check Details

Version: 0.1.0
Check: dependencies in R code
Result: NOTE
    Namespace in Imports field not imported from: ‘glue’
     All declared Imports should be used.
Flavors: r-devel-linux-x86_64-fedora-clang, r-devel-linux-x86_64-fedora-gcc, r-devel-windows-x86_64-new-TK, r-release-macos-arm64, r-release-macos-x86_64, r-oldrel-macos-x86_64