CRAN Package Check Results for Package vitae

Last updated on 2021-12-01 05:59:43 CET.

Flavor Version Tinstall Tcheck Ttotal Status Flags
r-devel-linux-x86_64-debian-clang 0.4.2 6.03 54.11 60.14 NOTE
r-devel-linux-x86_64-debian-gcc 0.4.2 4.34 40.05 44.39 NOTE
r-devel-linux-x86_64-fedora-clang 0.4.2 86.14 NOTE
r-devel-linux-x86_64-fedora-gcc 0.4.2 67.37 NOTE
r-devel-windows-x86_64-new-UL 0.4.2 18.00 106.00 124.00 NOTE
r-devel-windows-x86_64-new-TK 0.4.2 NOTE
r-devel-windows-x86_64-old 0.4.2 10.00 58.00 68.00 NOTE
r-patched-linux-x86_64 0.4.2 5.79 49.92 55.71 NOTE
r-patched-solaris-x86 0.4.2 98.90 NOTE
r-release-linux-x86_64 0.4.2 5.65 49.37 55.02 NOTE
r-release-macos-arm64 0.4.2 NOTE
r-release-macos-x86_64 0.4.2 NOTE
r-release-windows-ix86+x86_64 0.4.2 13.00 56.00 69.00 NOTE
r-oldrel-macos-x86_64 0.4.2 OK
r-oldrel-windows-ix86+x86_64 0.4.2 10.00 53.00 63.00 OK

Check Details

Version: 0.4.2
Check: LazyData
Result: NOTE
     'LazyData' is specified without a 'data' directory
Flavors: r-devel-linux-x86_64-debian-clang, r-devel-linux-x86_64-debian-gcc, r-devel-linux-x86_64-fedora-clang, r-devel-linux-x86_64-fedora-gcc, r-devel-windows-x86_64-new-UL, r-devel-windows-x86_64-new-TK, r-devel-windows-x86_64-old, r-patched-linux-x86_64, r-patched-solaris-x86, r-release-linux-x86_64, r-release-macos-arm64, r-release-macos-x86_64, r-release-windows-ix86+x86_64