CRAN Package Check Results for Package viridis

Last updated on 2021-06-18 05:49:05 CEST.

Flavor Version Tinstall Tcheck Ttotal Status Flags
r-devel-linux-x86_64-debian-clang 0.6.1 4.78 72.57 77.35 OK
r-devel-linux-x86_64-debian-gcc 0.6.1 3.35 54.53 57.88 OK
r-devel-linux-x86_64-fedora-clang 0.6.1 98.69 NOTE
r-devel-linux-x86_64-fedora-gcc 0.6.1 87.15 NOTE
r-devel-windows-x86_64 0.6.1 9.00 66.00 75.00 OK --no-vignettes
r-devel-windows-x86_64-gcc10-UCRT 0.6.1 NOTE
r-patched-linux-x86_64 0.6.1 4.14 68.41 72.55 OK
r-patched-solaris-x86 0.6.1 126.00 NOTE
r-release-linux-x86_64 0.6.1 3.70 69.11 72.81 OK
r-release-macos-arm64 0.6.1 WARN
r-release-macos-x86_64 0.6.1 NOTE
r-release-windows-ix86+x86_64 0.6.1 12.00 53.00 65.00 OK --no-vignettes
r-oldrel-macos-x86_64 0.6.1 NOTE
r-oldrel-windows-ix86+x86_64 0.6.1 9.00 76.00 85.00 OK --no-vignettes

Check Details

Version: 0.6.1
Check: dependencies in R code
Result: NOTE
    Namespace in Imports field not imported from: ‘stats’
     All declared Imports should be used.
Flavors: r-devel-linux-x86_64-fedora-clang, r-devel-linux-x86_64-fedora-gcc, r-devel-windows-x86_64-gcc10-UCRT, r-patched-solaris-x86, r-release-macos-arm64, r-release-macos-x86_64, r-oldrel-macos-x86_64

Version: 0.6.1
Check: package dependencies
Result: NOTE
    Package suggested but not available for checking: 'vdiffr'
Flavor: r-devel-windows-x86_64-gcc10-UCRT

Version: 0.6.1
Check: package dependencies
Result: NOTE
    Package suggested but not available for checking: ‘rgdal’
Flavor: r-release-macos-arm64

Version: 0.6.1
Check: re-building of vignette outputs
Result: WARN
    Error(s) in re-building vignettes:
    --- re-building ‘intro-to-viridis.Rmd’ using rmarkdown
    Warning in engine$weave(file, quiet = quiet, encoding = enc) :
     Pandoc (>= 1.12.3) not available. Falling back to R Markdown v1.
    
    Attaching package: 'scales'
    
    The following object is masked from 'package:viridis':
    
     viridis_pal
    
    Loading required package: raster
    Loading required package: sp
    
    Attaching package: 'raster'
    
    The following object is masked from 'package:colorspace':
    
     RGB
    
    Loading required package: lattice
    Loading required package: latticeExtra
    
    Attaching package: 'latticeExtra'
    
    The following object is masked from 'package:ggplot2':
    
     layer
    
    Quitting from lines 251-260 (intro-to-viridis.Rmd)
    Error: processing vignette 'intro-to-viridis.Rmd' failed with diagnostics:
    Cannot create RasterLayer object from this file; perhaps you need to install rgdal first
    --- failed re-building ‘intro-to-viridis.Rmd’
    
    SUMMARY: processing the following file failed:
     ‘intro-to-viridis.Rmd’
    
    Error: Vignette re-building failed.
    Execution halted
Flavor: r-release-macos-arm64