CRAN Package Check Results for Package vennLasso

Last updated on 2021-08-03 05:53:08 CEST.

Flavor Version Tinstall Tcheck Ttotal Status Flags
r-devel-linux-x86_64-debian-clang 0.1.6 83.71 200.40 284.11 NOTE
r-devel-linux-x86_64-debian-gcc 0.1.6 68.95 144.02 212.97 NOTE
r-devel-linux-x86_64-fedora-clang 0.1.6 372.06 NOTE
r-devel-linux-x86_64-fedora-gcc 0.1.6 348.21 NOTE
r-devel-windows-x86_64 0.1.6 64.00 243.00 307.00 NOTE
r-devel-windows-x86_64-gcc10-UCRT 0.1.6 NOTE
r-patched-linux-x86_64 0.1.6 71.55 187.44 258.99 NOTE
r-patched-solaris-x86 0.1.6 460.90 NOTE
r-release-linux-x86_64 0.1.6 82.69 187.41 270.10 NOTE
r-release-macos-arm64 0.1.6 NOTE
r-release-macos-x86_64 0.1.6 NOTE
r-release-windows-ix86+x86_64 0.1.6 173.00 228.00 401.00 NOTE
r-oldrel-macos-x86_64 0.1.6 NOTE
r-oldrel-windows-ix86+x86_64 0.1.6 117.00 302.00 419.00 OK

Check Details

Version: 0.1.6
Check: LazyData
Result: NOTE
     'LazyData' is specified without a 'data' directory
Flavors: r-devel-linux-x86_64-debian-clang, r-devel-linux-x86_64-debian-gcc, r-devel-linux-x86_64-fedora-clang, r-devel-linux-x86_64-fedora-gcc, r-devel-windows-x86_64, r-devel-windows-x86_64-gcc10-UCRT, r-patched-linux-x86_64, r-patched-solaris-x86, r-release-linux-x86_64, r-release-macos-arm64, r-release-macos-x86_64, r-release-windows-ix86+x86_64

Version: 0.1.6
Check: installed package size
Result: NOTE
     installed size is 24.0Mb
     sub-directories of 1Mb or more:
     libs 23.5Mb
Flavors: r-devel-linux-x86_64-fedora-clang, r-release-macos-arm64, r-release-macos-x86_64, r-oldrel-macos-x86_64