CRAN Package Check Results for Package vcfR

Last updated on 2021-12-01 05:59:42 CET.

Flavor Version Tinstall Tcheck Ttotal Status Flags
r-devel-linux-x86_64-debian-clang 1.12.0 140.43 200.34 340.77 OK
r-devel-linux-x86_64-debian-gcc 1.12.0 102.88 156.18 259.06 OK
r-devel-linux-x86_64-fedora-clang 1.12.0 520.00 NOTE
r-devel-linux-x86_64-fedora-gcc 1.12.0 449.58 OK
r-devel-windows-x86_64-new-UL 1.12.0 200.00 367.00 567.00 OK
r-devel-windows-x86_64-new-TK 1.12.0 OK
r-devel-windows-x86_64-old 1.12.0 191.00 202.00 393.00 OK
r-patched-linux-x86_64 1.12.0 126.31 200.06 326.37 OK
r-patched-solaris-x86 1.12.0 476.00 OK
r-release-linux-x86_64 1.12.0 125.95 200.77 326.72 OK
r-release-macos-arm64 1.12.0 NOTE
r-release-macos-x86_64 1.12.0 NOTE
r-release-windows-ix86+x86_64 1.12.0 349.00 294.00 643.00 OK
r-oldrel-macos-x86_64 1.12.0 NOTE
r-oldrel-windows-ix86+x86_64 1.12.0 250.00 301.00 551.00 OK

Check Details

Version: 1.12.0
Check: installed package size
Result: NOTE
     installed size is 7.2Mb
     sub-directories of 1Mb or more:
     libs 5.2Mb
Flavors: r-devel-linux-x86_64-fedora-clang, r-release-macos-arm64, r-release-macos-x86_64, r-oldrel-macos-x86_64