CRAN Package Check Results for Package varbvs

Last updated on 2021-09-23 05:51:49 CEST.

Flavor Version Tinstall Tcheck Ttotal Status Flags
r-devel-linux-x86_64-debian-clang 2.5-16 30.96 227.81 258.77 OK
r-devel-linux-x86_64-debian-gcc 2.5-16 19.80 182.00 201.80 OK
r-devel-linux-x86_64-fedora-clang 2.5-16 322.42 OK
r-devel-linux-x86_64-fedora-gcc 2.5-16 315.33 OK
r-devel-windows-x86_64 2.5-16 27.00 264.00 291.00 OK
r-devel-windows-x86_64-gcc10-UCRT 2.5-16 ERROR
r-patched-linux-x86_64 2.5-16 24.11 235.34 259.45 OK
r-patched-solaris-x86 2.5-16 713.40 OK
r-release-linux-x86_64 2.5-16 22.56 237.54 260.10 OK
r-release-macos-arm64 2.5-16 OK
r-release-macos-x86_64 2.5-16 OK
r-release-windows-ix86+x86_64 2.5-16 67.00 410.00 477.00 OK
r-oldrel-macos-x86_64 2.5-16 OK
r-oldrel-windows-ix86+x86_64 2.5-16 45.00 417.00 462.00 OK

Check Details

Version: 2.5-16
Check: package dependencies
Result: ERROR
    Package required but not available: 'latticeExtra'
    
    See section 'The DESCRIPTION file' in the 'Writing R Extensions'
    manual.
Flavor: r-devel-windows-x86_64-gcc10-UCRT