CRAN Package Check Results for Package understandBPMN

Last updated on 2022-01-26 05:54:33 CET.

Flavor Version Tinstall Tcheck Ttotal Status Flags
r-devel-linux-x86_64-debian-clang 1.1.1 41.03 114.55 155.58 NOTE
r-devel-linux-x86_64-debian-gcc 1.1.1 30.13 84.92 115.05 NOTE
r-devel-linux-x86_64-fedora-clang 1.1.1 201.90 NOTE
r-devel-linux-x86_64-fedora-gcc 1.1.1 184.30 NOTE
r-devel-windows-x86_64-new-UL 1.1.1 205.00 154.00 359.00 NOTE
r-devel-windows-x86_64-new-TK 1.1.1 NOTE
r-patched-linux-x86_64 1.1.1 35.60 105.39 140.99 NOTE
r-release-linux-x86_64 1.1.1 29.71 105.84 135.55 NOTE
r-release-macos-arm64 1.1.1 NOTE
r-release-macos-x86_64 1.1.1 NOTE
r-release-windows-ix86+x86_64 1.1.1 95.00 197.00 292.00 NOTE
r-oldrel-macos-x86_64 1.1.1 OK
r-oldrel-windows-ix86+x86_64 1.1.1 97.00 187.00 284.00 OK

Check Details

Version: 1.1.1
Check: LazyData
Result: NOTE
     'LazyData' is specified without a 'data' directory
Flavors: r-devel-linux-x86_64-debian-clang, r-devel-linux-x86_64-debian-gcc, r-devel-linux-x86_64-fedora-clang, r-devel-linux-x86_64-fedora-gcc, r-devel-windows-x86_64-new-UL, r-devel-windows-x86_64-new-TK, r-patched-linux-x86_64, r-release-linux-x86_64, r-release-macos-arm64, r-release-macos-x86_64, r-release-windows-ix86+x86_64