CRAN Package Check Results for Package udpipe

Last updated on 2021-09-20 05:50:27 CEST.

Flavor Version Tinstall Tcheck Ttotal Status Flags
r-devel-linux-x86_64-debian-clang 0.8.6 153.06 389.11 542.17 OK
r-devel-linux-x86_64-debian-gcc 0.8.6 126.04 311.06 437.10 OK
r-devel-linux-x86_64-fedora-clang 0.8.6 686.63 NOTE
r-devel-linux-x86_64-fedora-gcc 0.8.6 730.63 OK
r-devel-windows-x86_64 0.8.6 131.00 401.00 532.00 NOTE
r-devel-windows-x86_64-gcc10-UCRT 0.8.6 ERROR
r-patched-linux-x86_64 0.8.6 142.03 424.26 566.29 OK
r-patched-solaris-x86 0.8.6 872.30 NOTE
r-release-linux-x86_64 0.8.6 139.80 414.34 554.14 OK
r-release-macos-arm64 0.8.6 NOTE
r-release-macos-x86_64 0.8.6 NOTE
r-release-windows-ix86+x86_64 0.8.6 322.00 495.00 817.00 NOTE
r-oldrel-macos-x86_64 0.8.6 NOTE
r-oldrel-windows-ix86+x86_64 0.8.6 315.00 488.00 803.00 NOTE

Check Details

Version: 0.8.6
Check: installed package size
Result: NOTE
     installed size is 24.7Mb
     sub-directories of 1Mb or more:
     doc 1.4Mb
     dummydata 1.4Mb
     libs 20.1Mb
Flavors: r-devel-linux-x86_64-fedora-clang, r-devel-windows-x86_64, r-patched-solaris-x86, r-release-macos-arm64, r-release-macos-x86_64, r-release-windows-ix86+x86_64, r-oldrel-macos-x86_64, r-oldrel-windows-ix86+x86_64

Version: 0.8.6
Check: whether package can be installed
Result: ERROR
    Installation failed.
Flavor: r-devel-windows-x86_64-gcc10-UCRT