CRAN Package Check Results for Package twitteR

Last updated on 2021-10-16 05:51:40 CEST.

Flavor Version Tinstall Tcheck Ttotal Status Flags
r-devel-linux-x86_64-debian-clang 1.1.9 9.39 40.89 50.28 NOTE
r-devel-linux-x86_64-debian-gcc 1.1.9 7.42 32.39 39.81 NOTE
r-devel-linux-x86_64-fedora-clang 1.1.9 71.70 NOTE
r-devel-linux-x86_64-fedora-gcc 1.1.9 59.36 NOTE
r-devel-windows-x86_64 1.1.9 15.00 47.00 62.00 NOTE
r-devel-windows-x86_64-gcc10-UCRT 1.1.9 NOTE
r-patched-linux-x86_64 1.1.9 12.43 40.34 52.77 NOTE
r-patched-solaris-x86 1.1.9 85.40 NOTE
r-release-linux-x86_64 1.1.9 8.93 39.92 48.85 NOTE
r-release-macos-arm64 1.1.9 NOTE
r-release-macos-x86_64 1.1.9 NOTE
r-release-windows-ix86+x86_64 1.1.9 19.00 63.00 82.00 NOTE
r-oldrel-macos-x86_64 1.1.9 OK
r-oldrel-windows-ix86+x86_64 1.1.9 20.00 75.00 95.00 OK

Check Details

Version: 1.1.9
Check: LazyData
Result: NOTE
     'LazyData' is specified without a 'data' directory
Flavors: r-devel-linux-x86_64-debian-clang, r-devel-linux-x86_64-debian-gcc, r-devel-linux-x86_64-fedora-clang, r-devel-linux-x86_64-fedora-gcc, r-devel-windows-x86_64, r-devel-windows-x86_64-gcc10-UCRT, r-patched-linux-x86_64, r-patched-solaris-x86, r-release-linux-x86_64, r-release-macos-arm64, r-release-macos-x86_64, r-release-windows-ix86+x86_64