CRAN Package Check Results for Package tranSurv

Last updated on 2021-05-17 05:49:05 CEST.

Flavor Version Tinstall Tcheck Ttotal Status Flags
r-devel-linux-x86_64-debian-clang 1.2.2 13.64 85.08 98.72 NOTE
r-devel-linux-x86_64-debian-gcc 1.2.2 9.82 64.02 73.84 NOTE
r-devel-linux-x86_64-fedora-clang 1.2.2 122.31 NOTE
r-devel-linux-x86_64-fedora-gcc 1.2.2 113.86 NOTE
r-devel-windows-ix86+x86_64 1.2.2 28.00 112.00 140.00 NOTE
r-devel-windows-x86_64-gcc10-UCRT 1.2.2 NOTE
r-patched-linux-x86_64 1.2.2 10.33 81.93 92.26 NOTE
r-patched-solaris-x86 1.2.2 167.10 NOTE
r-release-linux-x86_64 1.2.2 9.99 78.25 88.24 OK
r-release-macos-x86_64 1.2.2 OK
r-release-windows-ix86+x86_64 1.2.2 20.00 111.00 131.00 OK
r-oldrel-macos-x86_64 1.2.2 OK
r-oldrel-windows-ix86+x86_64 1.2.2 16.00 135.00 151.00 OK

Check Details

Version: 1.2.2
Check: LazyData
Result: NOTE
     'LazyData' is specified without a 'data' directory
Flavors: r-devel-linux-x86_64-debian-clang, r-devel-linux-x86_64-debian-gcc, r-devel-linux-x86_64-fedora-clang, r-devel-linux-x86_64-fedora-gcc, r-devel-windows-ix86+x86_64, r-devel-windows-x86_64-gcc10-UCRT, r-patched-linux-x86_64, r-patched-solaris-x86