CRAN Package Check Results for Package timetree

Last updated on 2022-01-26 05:54:33 CET.

Flavor Version Tinstall Tcheck Ttotal Status Flags
r-devel-linux-x86_64-debian-clang 1.0 7.27 95.20 102.47 NOTE
r-devel-linux-x86_64-debian-gcc 1.0 6.31 73.24 79.55 NOTE
r-devel-linux-x86_64-fedora-clang 1.0 120.54 NOTE
r-devel-linux-x86_64-fedora-gcc 1.0 115.41 NOTE
r-devel-windows-x86_64-new-UL 1.0 31.00 108.00 139.00 NOTE
r-devel-windows-x86_64-new-TK 1.0 NOTE
r-patched-linux-x86_64 1.0 7.81 86.66 94.47 NOTE
r-release-linux-x86_64 1.0 7.07 85.73 92.80 NOTE
r-release-macos-arm64 1.0 NOTE
r-release-macos-x86_64 1.0 NOTE
r-release-windows-ix86+x86_64 1.0 20.00 97.00 117.00 NOTE
r-oldrel-macos-x86_64 1.0 NOTE
r-oldrel-windows-ix86+x86_64 1.0 20.00 100.00 120.00 NOTE

Check Details

Version: 1.0
Check: R code for possible problems
Result: NOTE
    author.search: no visible binding for global variable 'na.omit'
    reference.list: no visible global function definition for 'na.omit'
    Undefined global functions or variables:
     na.omit
    Consider adding
     importFrom("stats", "na.omit")
    to your NAMESPACE file.
Flavors: r-devel-linux-x86_64-debian-clang, r-devel-linux-x86_64-debian-gcc, r-devel-linux-x86_64-fedora-clang, r-devel-linux-x86_64-fedora-gcc, r-devel-windows-x86_64-new-UL, r-devel-windows-x86_64-new-TK, r-patched-linux-x86_64, r-release-linux-x86_64, r-release-macos-arm64, r-release-macos-x86_64, r-release-windows-ix86+x86_64, r-oldrel-macos-x86_64, r-oldrel-windows-ix86+x86_64