CRAN Package Check Results for Package tidymodels

Last updated on 2021-09-28 05:48:59 CEST.

Flavor Version Tinstall Tcheck Ttotal Status Flags
r-devel-linux-x86_64-debian-clang 0.1.3 16.17 143.64 159.81 OK
r-devel-linux-x86_64-debian-gcc 0.1.3 12.68 109.21 121.89 OK
r-devel-linux-x86_64-fedora-clang 0.1.3 199.77 NOTE
r-devel-linux-x86_64-fedora-gcc 0.1.3 187.32 NOTE
r-devel-windows-x86_64 0.1.3 17.00 128.00 145.00 OK
r-devel-windows-x86_64-gcc10-UCRT 0.1.3 NOTE
r-patched-linux-x86_64 0.1.3 16.32 136.20 152.52 OK
r-patched-solaris-x86 0.1.3 263.00 NOTE
r-release-linux-x86_64 0.1.3 15.39 136.11 151.50 OK
r-release-macos-arm64 0.1.3 NOTE
r-release-macos-x86_64 0.1.3 NOTE
r-release-windows-ix86+x86_64 0.1.3 37.00 126.00 163.00 OK
r-oldrel-macos-x86_64 0.1.3 NOTE
r-oldrel-windows-ix86+x86_64 0.1.3 28.00 133.00 161.00 OK

Check Details

Version: 0.1.3
Check: dependencies in R code
Result: NOTE
    Namespaces in Imports field not imported from:
     ‘modeldata’ ‘workflowsets’
     All declared Imports should be used.
Flavors: r-devel-linux-x86_64-fedora-clang, r-devel-linux-x86_64-fedora-gcc, r-devel-windows-x86_64-gcc10-UCRT, r-patched-solaris-x86, r-release-macos-arm64, r-release-macos-x86_64, r-oldrel-macos-x86_64