CRAN Package Check Results for Package tictoc

Last updated on 2021-09-20 05:50:25 CEST.

Flavor Version Tinstall Tcheck Ttotal Status Flags
r-devel-linux-x86_64-debian-clang 1.0.1 1.91 25.40 27.31 OK
r-devel-linux-x86_64-debian-gcc 1.0.1 1.64 19.89 21.53 OK
r-devel-linux-x86_64-fedora-clang 1.0.1 41.15 OK
r-devel-linux-x86_64-fedora-gcc 1.0.1 31.20 OK
r-devel-windows-x86_64 1.0.1 3.00 29.00 32.00 OK
r-devel-windows-x86_64-gcc10-UCRT 1.0.1 ERROR
r-patched-linux-x86_64 1.0.1 2.19 24.39 26.58 OK
r-patched-solaris-x86 1.0.1 50.30 OK
r-release-linux-x86_64 1.0.1 1.99 24.35 26.34 OK
r-release-macos-arm64 1.0.1 OK
r-release-macos-x86_64 1.0.1 OK
r-release-windows-ix86+x86_64 1.0.1 5.00 29.00 34.00 OK
r-oldrel-macos-x86_64 1.0.1 OK
r-oldrel-windows-ix86+x86_64 1.0.1 4.00 39.00 43.00 OK

Check Details

Version: 1.0.1
Check: whether package can be installed
Result: WARN
    Found the following significant warnings:
     WARNING: installation-time patches will not be applied, could not get the patches index
Flavor: r-devel-windows-x86_64-gcc10-UCRT

Version: 1.0.1
Check: PDF version of manual
Result: WARN
    LaTeX errors when creating PDF version.
    This typically indicates Rd problems.
Flavor: r-devel-windows-x86_64-gcc10-UCRT

Version: 1.0.1
Check: PDF version of manual without hyperrefs or index
Result: ERROR
    Re-running with no redirection of stdout/stderr.
Flavor: r-devel-windows-x86_64-gcc10-UCRT