CRAN Package Check Results for Package textutils

Last updated on 2021-09-21 05:51:39 CEST.

Flavor Version Tinstall Tcheck Ttotal Status Flags
r-devel-linux-x86_64-debian-clang 0.2-1 2.11 33.83 35.94 OK
r-devel-linux-x86_64-debian-gcc 0.2-1 1.77 26.42 28.19 OK
r-devel-linux-x86_64-fedora-clang 0.2-1 51.52 OK
r-devel-linux-x86_64-fedora-gcc 0.2-1 39.80 OK
r-devel-windows-x86_64 0.2-1 5.00 41.00 46.00 OK
r-devel-windows-x86_64-gcc10-UCRT 0.2-1 ERROR
r-patched-linux-x86_64 0.2-1 2.17 33.35 35.52 OK
r-patched-solaris-x86 0.2-1 64.30 OK
r-release-linux-x86_64 0.2-1 2.24 32.91 35.15 OK
r-release-macos-arm64 0.2-1 OK
r-release-macos-x86_64 0.2-1 OK
r-release-windows-ix86+x86_64 0.2-1 6.00 43.00 49.00 OK
r-oldrel-macos-x86_64 0.2-1 OK
r-oldrel-windows-ix86+x86_64 0.2-1 7.00 39.00 46.00 OK

Check Details

Version: 0.2-1
Check: whether package can be installed
Result: WARN
    Found the following significant warnings:
     WARNING: installation-time patches will not be applied, could not get the patches index
Flavor: r-devel-windows-x86_64-gcc10-UCRT

Version: 0.2-1
Check: PDF version of manual
Result: WARN
    LaTeX errors when creating PDF version.
    This typically indicates Rd problems.
Flavor: r-devel-windows-x86_64-gcc10-UCRT

Version: 0.2-1
Check: PDF version of manual without hyperrefs or index
Result: ERROR
    Re-running with no redirection of stdout/stderr.
Flavor: r-devel-windows-x86_64-gcc10-UCRT