CRAN Package Check Results for Package textshape

Last updated on 2021-11-28 05:49:49 CET.

Flavor Version Tinstall Tcheck Ttotal Status Flags
r-devel-linux-x86_64-debian-clang 1.7.3 OK
r-devel-linux-x86_64-debian-gcc 1.7.3 3.57 29.74 33.31 OK
r-devel-linux-x86_64-fedora-clang 1.7.3 70.01 NOTE
r-devel-linux-x86_64-fedora-gcc 1.7.3 51.03 OK
r-devel-windows-x86_64-new-UL 1.7.3 20.00 76.00 96.00 OK
r-devel-windows-x86_64-new-TK 1.7.3 OK
r-devel-windows-x86_64-old 1.7.3 5.00 59.00 64.00 OK
r-patched-linux-x86_64 1.7.3 4.25 37.00 41.25 OK
r-patched-solaris-x86 1.7.3 72.60 OK
r-release-linux-x86_64 1.7.3 4.27 36.99 41.26 OK
r-release-macos-arm64 1.7.3 OK
r-release-macos-x86_64 1.7.3 OK
r-release-windows-ix86+x86_64 1.7.3 9.00 42.00 51.00 OK
r-oldrel-macos-x86_64 1.7.3 OK
r-oldrel-windows-ix86+x86_64 1.7.3 7.00 58.00 65.00 OK

Check Details

Version: 1.7.3
Check: Rd cross-references
Result: NOTE
    Undeclared packages ‘tm’, ‘textreadr’ in Rd xrefs
Flavor: r-devel-linux-x86_64-fedora-clang