CRAN Package Check Results for Package text2speech

Last updated on 2021-05-17 05:49:05 CEST.

Flavor Version Tinstall Tcheck Ttotal Status Flags
r-devel-linux-x86_64-debian-clang 0.2.13 2.72 36.37 39.09 NOTE
r-devel-linux-x86_64-debian-gcc 0.2.13 2.06 28.00 30.06 NOTE
r-devel-linux-x86_64-fedora-clang 0.2.13 55.40 NOTE
r-devel-linux-x86_64-fedora-gcc 0.2.13 46.17 NOTE
r-devel-windows-ix86+x86_64 0.2.13 7.00 57.00 64.00 NOTE
r-devel-windows-x86_64-gcc10-UCRT 0.2.13 NOTE
r-patched-linux-x86_64 0.2.13 7.58 35.48 43.06 NOTE
r-patched-solaris-x86 0.2.13 68.60 NOTE
r-release-linux-x86_64 0.2.13 2.57 35.05 37.62 OK
r-release-macos-x86_64 0.2.13 OK
r-release-windows-ix86+x86_64 0.2.13 5.00 44.00 49.00 OK
r-oldrel-macos-x86_64 0.2.13 OK
r-oldrel-windows-ix86+x86_64 0.2.13 4.00 56.00 60.00 OK

Check Details

Version: 0.2.13
Check: LazyData
Result: NOTE
     'LazyData' is specified without a 'data' directory
Flavors: r-devel-linux-x86_64-debian-clang, r-devel-linux-x86_64-debian-gcc, r-devel-linux-x86_64-fedora-clang, r-devel-linux-x86_64-fedora-gcc, r-devel-windows-ix86+x86_64, r-devel-windows-x86_64-gcc10-UCRT, r-patched-linux-x86_64, r-patched-solaris-x86