CRAN Package Check Results for Package synchronicity

Last updated on 2022-01-26 05:54:32 CET.

Flavor Version Tinstall Tcheck Ttotal Status Flags
r-devel-linux-x86_64-debian-clang 1.3.5 33.36 37.25 70.61 OK
r-devel-linux-x86_64-debian-gcc 1.3.5 20.31 28.53 48.84 OK
r-devel-linux-x86_64-fedora-clang 1.3.5 93.81 NOTE
r-devel-linux-x86_64-fedora-gcc 1.3.5 72.98 NOTE
r-devel-windows-x86_64-new-UL 1.3.5 229.00 77.00 306.00 OK
r-devel-windows-x86_64-new-TK 1.3.5 OK
r-patched-linux-x86_64 1.3.5 28.48 35.35 63.83 OK
r-release-linux-x86_64 1.3.5 28.54 35.15 63.69 OK
r-release-macos-arm64 1.3.5 OK
r-release-macos-x86_64 1.3.5 OK
r-release-windows-ix86+x86_64 1.3.5 77.00 69.00 146.00 OK
r-oldrel-macos-x86_64 1.3.5 OK
r-oldrel-windows-ix86+x86_64 1.3.5 76.00 77.00 153.00 OK

Check Details

Version: 1.3.5
Check: top-level files
Result: NOTE
     possible bashism in configure line 12 (echo -n):
     echo -n " checking for Sun Studio compiler..."
     possible bashism in configure line 22 (echo -n):
     echo -n " checking for OS..."
Flavors: r-devel-linux-x86_64-fedora-clang, r-devel-linux-x86_64-fedora-gcc