CRAN Package Check Results for Package surveillance

Last updated on 2021-09-19 05:52:01 CEST.

Flavor Version Tinstall Tcheck Ttotal Status Flags
r-devel-linux-x86_64-debian-clang 1.19.1 69.03 551.24 620.27 NOTE
r-devel-linux-x86_64-debian-gcc 1.19.1 51.48 405.69 457.17 NOTE
r-devel-linux-x86_64-fedora-clang 1.19.1 737.40 NOTE
r-devel-linux-x86_64-fedora-gcc 1.19.1 677.58 OK
r-devel-windows-x86_64 1.19.1 65.00 430.00 495.00 NOTE --no-vignettes
r-devel-windows-x86_64-gcc10-UCRT 1.19.1 ERROR
r-patched-linux-x86_64 1.19.1 71.88 533.71 605.59 NOTE
r-patched-solaris-x86 1.19.1 985.10 NOTE
r-release-linux-x86_64 1.19.1 57.59 533.64 591.23 NOTE
r-release-macos-arm64 1.19.1 NOTE
r-release-macos-x86_64 1.19.1 NOTE
r-release-windows-ix86+x86_64 1.19.1 135.00 417.00 552.00 NOTE --no-vignettes
r-oldrel-macos-x86_64 1.19.1 NOTE
r-oldrel-windows-ix86+x86_64 1.19.1 136.00 480.00 616.00 NOTE --no-vignettes

Check Details

Version: 1.19.1
Check: package dependencies
Result: NOTE
    Package suggested but not available for checking: 'INLA'
Flavors: r-devel-linux-x86_64-debian-clang, r-devel-linux-x86_64-debian-gcc, r-devel-windows-x86_64-gcc10-UCRT, r-patched-linux-x86_64, r-patched-solaris-x86, r-release-linux-x86_64, r-release-macos-x86_64, r-oldrel-macos-x86_64

Version: 1.19.1
Check: installed package size
Result: NOTE
     installed size is 8.1Mb
     sub-directories of 1Mb or more:
     R 1.7Mb
     doc 2.4Mb
     libs 1.5Mb
Flavors: r-devel-linux-x86_64-fedora-clang, r-patched-solaris-x86, r-release-macos-arm64, r-release-macos-x86_64, r-oldrel-macos-x86_64

Version: 1.19.1
Flags: --no-vignettes
Check: installed package size
Result: NOTE
     installed size is 7.6Mb
     sub-directories of 1Mb or more:
     R 1.7Mb
     doc 2.4Mb
     libs 1.0Mb
Flavors: r-devel-windows-x86_64, r-release-windows-ix86+x86_64, r-oldrel-windows-ix86+x86_64

Version: 1.19.1
Check: whether package can be installed
Result: ERROR
    Installation failed.
Flavor: r-devel-windows-x86_64-gcc10-UCRT

Version: 1.19.1
Check: package dependencies
Result: NOTE
    Packages suggested but not available for checking: 'INLA', 'runjags'
Flavor: r-release-macos-arm64

Version: 1.19.1
Check: Rd cross-references
Result: NOTE
    Package unavailable to check Rd xrefs: ‘runjags’
Flavor: r-release-macos-arm64