CRAN Package Check Results for Package strip

Last updated on 2022-01-26 05:54:31 CET.

Flavor Version Tinstall Tcheck Ttotal Status Flags
r-devel-linux-x86_64-debian-clang 1.0.0 2.30 50.37 52.67 NOTE
r-devel-linux-x86_64-debian-gcc 1.0.0 1.87 38.67 40.54 NOTE
r-devel-linux-x86_64-fedora-clang 1.0.0 63.32 NOTE
r-devel-linux-x86_64-fedora-gcc 1.0.0 53.30 NOTE
r-devel-windows-x86_64-new-UL 1.0.0 14.00 72.00 86.00 NOTE
r-devel-windows-x86_64-new-TK 1.0.0 NOTE
r-patched-linux-x86_64 1.0.0 2.35 46.51 48.86 NOTE
r-release-linux-x86_64 1.0.0 2.32 46.21 48.53 NOTE
r-release-macos-arm64 1.0.0 NOTE
r-release-macos-x86_64 1.0.0 NOTE
r-release-windows-ix86+x86_64 1.0.0 6.00 60.00 66.00 NOTE
r-oldrel-macos-x86_64 1.0.0 OK
r-oldrel-windows-ix86+x86_64 1.0.0 5.00 60.00 65.00 OK

Check Details

Version: 1.0.0
Check: LazyData
Result: NOTE
     'LazyData' is specified without a 'data' directory
Flavors: r-devel-linux-x86_64-debian-clang, r-devel-linux-x86_64-debian-gcc, r-devel-linux-x86_64-fedora-clang, r-devel-linux-x86_64-fedora-gcc, r-devel-windows-x86_64-new-UL, r-devel-windows-x86_64-new-TK, r-patched-linux-x86_64, r-release-linux-x86_64, r-release-macos-arm64, r-release-macos-x86_64, r-release-windows-ix86+x86_64