CRAN Package Check Results for Package stplanr

Last updated on 2021-07-27 05:50:08 CEST.

Flavor Version Tinstall Tcheck Ttotal Status Flags
r-devel-linux-x86_64-debian-clang 0.8.3 54.35 196.05 250.40 ERROR
r-devel-linux-x86_64-debian-gcc 0.8.3 38.05 154.74 192.79 OK
r-devel-linux-x86_64-fedora-clang 0.8.3 316.42 NOTE
r-devel-linux-x86_64-fedora-gcc 0.8.3 312.63 OK
r-devel-windows-x86_64 0.8.3 54.00 215.00 269.00 NOTE
r-devel-windows-x86_64-gcc10-UCRT 0.8.2 OK
r-patched-linux-x86_64 0.8.3 51.20 195.63 246.83 OK
r-patched-solaris-x86 0.8.3 373.70 NOTE
r-release-linux-x86_64 0.8.3 47.33 192.80 240.13 OK
r-release-macos-arm64 0.8.3 NOTE
r-release-macos-x86_64 0.8.3 NOTE
r-release-windows-ix86+x86_64 0.8.3 80.00 294.00 374.00 NOTE
r-oldrel-macos-x86_64 0.8.3 NOTE
r-oldrel-windows-ix86+x86_64 0.8.2 86.00 462.00 548.00 NOTE

Check Details

Version: 0.8.3
Check: examples
Result: ERROR
    Running examples in 'stplanr-Ex.R' failed
    The error most likely occurred in:
    
    > base::assign(".ptime", proc.time(), pos = "CheckExEnv")
    > ### Name: route
    > ### Title: Plan routes on the transport network
    > ### Aliases: route
    >
    > ### ** Examples
    >
    > library(sf)
    Linking to GEOS 3.9.0, GDAL 3.2.2, PROJ 7.2.1
    > l = od_data_lines[2, ]
    > r_walk = route(l = l, route_fun = route_osrm, osrm.profile = "foot")
    Most common output is sf
    > r_bike = route(l = l, route_fun = route_osrm, osrm.profile = "bike")
    Warning in open.connection(con, "rb") :
     cannot open URL 'https://routing.openstreetmap.de/routed-bike/route/v1/driving/-1.51673370812915,53.8288740914504;-1.5356167992133,53.8284728565164?alternatives=false&geometries=geojson&steps=false&overview=full': HTTP status was '500 Internal Server Error'
    Most common output is simpleError
    These routes failed: 1
    The first of which was:
    <simpleError in open.connection(con, "rb"): cannot open the connection to 'https://routing.openstreetmap.de/routed-bike/route/v1/driving/-1.51673370812915,53.8288740914504;-1.5356167992133,53.8284728565164?alternatives=false&geometries=geojson&steps=false&overview=full'>
    Returning list
    > plot(r_walk$geometry)
    > plot(r_bike$geometry, col = "blue", add = TRUE)
    Warning in min(x) : no non-missing arguments to min; returning Inf
    Warning in max(x) : no non-missing arguments to max; returning -Inf
    Warning in min(x) : no non-missing arguments to min; returning Inf
    Warning in max(x) : no non-missing arguments to max; returning -Inf
    Warning in plot.window(...) : "add" is not a graphical parameter
    Error in plot.window(...) : need finite 'xlim' values
    Calls: plot -> plot -> plot.default -> localWindow -> plot.window
    Execution halted
Flavor: r-devel-linux-x86_64-debian-clang

Version: 0.8.3
Check: installed package size
Result: NOTE
     installed size is 6.7Mb
     sub-directories of 1Mb or more:
     doc 2.8Mb
     libs 1.5Mb
Flavors: r-devel-linux-x86_64-fedora-clang, r-devel-windows-x86_64, r-patched-solaris-x86, r-release-macos-arm64, r-release-macos-x86_64, r-release-windows-ix86+x86_64, r-oldrel-macos-x86_64

Version: 0.8.2
Check: installed package size
Result: NOTE
     installed size is 7.4Mb
     sub-directories of 1Mb or more:
     doc 2.8Mb
     libs 2.1Mb
Flavor: r-oldrel-windows-ix86+x86_64