CRAN Package Check Results for Package statquotes

Last updated on 2021-10-19 05:51:17 CEST.

Flavor Version Tinstall Tcheck Ttotal Status Flags
r-devel-linux-x86_64-debian-clang 0.2.2 9.95 79.89 89.84 OK
r-devel-linux-x86_64-debian-gcc 0.2.2 7.40 59.85 67.25 OK
r-devel-linux-x86_64-fedora-clang 0.2.2 115.76 NOTE
r-devel-linux-x86_64-fedora-gcc 0.2.2 101.82 OK
r-devel-windows-x86_64 0.2.2 14.00 82.00 96.00 OK
r-devel-windows-x86_64-gcc10-UCRT 0.2.2 OK
r-patched-linux-x86_64 0.2.2 14.18 74.07 88.25 OK
r-patched-solaris-x86 0.2.2 150.80 OK
r-release-linux-x86_64 0.2.2 9.32 74.29 83.61 OK
r-release-macos-arm64 0.2.2 OK
r-release-macos-x86_64 0.2.2 OK
r-release-windows-ix86+x86_64 0.2.2 22.00 95.00 117.00 OK
r-oldrel-macos-x86_64 0.2.2 OK
r-oldrel-windows-ix86+x86_64 0.2.2 23.00 100.00 123.00 OK

Check Details

Version: 0.2.2
Check: Rd cross-references
Result: NOTE
    Undeclared package ‘fortunes’ in Rd xrefs
Flavor: r-devel-linux-x86_64-fedora-clang