CRAN Package Check Results for Package stargazer

Last updated on 2021-09-28 05:48:57 CEST.

Flavor Version Tinstall Tcheck Ttotal Status Flags
r-devel-linux-x86_64-debian-clang 5.2.2 11.04 62.90 73.94 OK
r-devel-linux-x86_64-debian-gcc 5.2.2 10.66 47.04 57.70 OK
r-devel-linux-x86_64-fedora-clang 5.2.2 96.03 NOTE
r-devel-linux-x86_64-fedora-gcc 5.2.2 86.88 OK
r-devel-windows-x86_64 5.2.2 15.00 64.00 79.00 OK
r-devel-windows-x86_64-gcc10-UCRT 5.2.2 OK
r-patched-linux-x86_64 5.2.2 11.27 59.93 71.20 OK
r-patched-solaris-x86 5.2.2 111.20 OK
r-release-linux-x86_64 5.2.2 10.47 62.19 72.66 OK
r-release-macos-arm64 5.2.2 OK
r-release-macos-x86_64 5.2.2 OK
r-release-windows-ix86+x86_64 5.2.2 21.00 60.00 81.00 OK
r-oldrel-macos-x86_64 5.2.2 NOTE
r-oldrel-windows-ix86+x86_64 5.2.2 16.00 65.00 81.00 OK

Check Details

Version: 5.2.2
Check: package dependencies
Result: NOTE
    Package which this enhances but not available for checking: ‘mnlogit’
Flavor: r-devel-linux-x86_64-fedora-clang

Version: 5.2.2
Check: package dependencies
Result: NOTE
    Package which this enhances but not available for checking: ‘Zelig’
Flavor: r-oldrel-macos-x86_64