CRAN Package Check Results for Package splitstackshape

Last updated on 2021-09-21 05:51:37 CEST.

Flavor Version Tinstall Tcheck Ttotal Status Flags
r-devel-linux-x86_64-debian-clang 1.4.8 3.29 38.28 41.57 OK
r-devel-linux-x86_64-debian-gcc 1.4.8 2.52 28.79 31.31 OK
r-devel-linux-x86_64-fedora-clang 1.4.8 57.67 NOTE
r-devel-linux-x86_64-fedora-gcc 1.4.8 45.35 OK
r-devel-windows-x86_64 1.4.8 5.00 42.00 47.00 OK
r-devel-windows-x86_64-gcc10-UCRT 1.4.8 ERROR
r-patched-linux-x86_64 1.4.8 3.77 35.83 39.60 OK
r-patched-solaris-x86 1.4.8 72.60 OK
r-release-linux-x86_64 1.4.8 3.18 35.84 39.02 OK
r-release-macos-arm64 1.4.8 OK
r-release-macos-x86_64 1.4.8 OK
r-release-windows-ix86+x86_64 1.4.8 7.00 40.00 47.00 OK
r-oldrel-macos-x86_64 1.4.8 OK
r-oldrel-windows-ix86+x86_64 1.4.8 7.00 42.00 49.00 OK

Check Details

Version: 1.4.8
Check: Rd cross-references
Result: NOTE
    Undeclared packages ‘reshape2’, ‘sampling’, ‘dplyr’ in Rd xrefs
Flavor: r-devel-linux-x86_64-fedora-clang

Version: 1.4.8
Check: whether package can be installed
Result: WARN
    Found the following significant warnings:
     WARNING: installation-time patches will not be applied, could not get the patches index
Flavor: r-devel-windows-x86_64-gcc10-UCRT

Version: 1.4.8
Check: PDF version of manual
Result: WARN
    LaTeX errors when creating PDF version.
    This typically indicates Rd problems.
Flavor: r-devel-windows-x86_64-gcc10-UCRT

Version: 1.4.8
Check: PDF version of manual without hyperrefs or index
Result: ERROR
    Re-running with no redirection of stdout/stderr.
Flavor: r-devel-windows-x86_64-gcc10-UCRT