CRAN Package Check Results for Package spatstat.utils

Last updated on 2021-09-23 05:51:44 CEST.

Flavor Version Tinstall Tcheck Ttotal Status Flags
r-devel-linux-x86_64-debian-clang 2.2-0 7.44 47.05 54.49 OK
r-devel-linux-x86_64-debian-gcc 2.2-0 5.02 36.23 41.25 OK
r-devel-linux-x86_64-fedora-clang 2.2-0 74.84 OK
r-devel-linux-x86_64-fedora-gcc 2.2-0 64.73 OK
r-devel-windows-x86_64 2.2-0 12.00 47.00 59.00 OK
r-devel-windows-x86_64-gcc10-UCRT 2.2-0 ERROR
r-patched-linux-x86_64 2.2-0 8.26 46.08 54.34 OK
r-patched-solaris-x86 2.2-0 94.20 OK
r-release-linux-x86_64 2.2-0 6.84 46.06 52.90 OK
r-release-macos-arm64 2.2-0 OK
r-release-macos-x86_64 2.2-0 OK
r-release-windows-ix86+x86_64 2.2-0 21.00 56.00 77.00 OK
r-oldrel-macos-x86_64 2.2-0 OK
r-oldrel-windows-ix86+x86_64 2.2-0 44.00 56.00 100.00 OK

Check Details

Version: 2.2-0
Check: whether package can be installed
Result: ERROR
    Installation failed.
Flavor: r-devel-windows-x86_64-gcc10-UCRT