CRAN Package Check Results for Package spatsoc

Last updated on 2021-07-31 05:52:05 CEST.

Flavor Version Tinstall Tcheck Ttotal Status Flags
r-devel-linux-x86_64-debian-clang 0.1.16 3.91 126.95 130.86 NOTE
r-devel-linux-x86_64-debian-gcc 0.1.16 3.28 85.37 88.65 NOTE
r-devel-linux-x86_64-fedora-clang 0.1.16 146.14 NOTE
r-devel-linux-x86_64-fedora-gcc 0.1.16 133.04 NOTE
r-devel-windows-x86_64 0.1.16 5.00 128.00 133.00 NOTE
r-devel-windows-x86_64-gcc10-UCRT 0.1.16 NOTE
r-patched-linux-x86_64 0.1.16 NOTE
r-patched-solaris-x86 0.1.16 167.80 NOTE
r-release-linux-x86_64 0.1.16 4.21 105.87 110.08 NOTE
r-release-macos-arm64 0.1.16 NOTE
r-release-macos-x86_64 0.1.16 NOTE
r-release-windows-ix86+x86_64 0.1.16 8.00 129.00 137.00 NOTE
r-oldrel-macos-x86_64 0.1.16 OK
r-oldrel-windows-ix86+x86_64 0.1.16 6.00 128.00 134.00 OK

Check Details

Version: 0.1.16
Check: LazyData
Result: NOTE
     'LazyData' is specified without a 'data' directory
Flavors: r-devel-linux-x86_64-debian-clang, r-devel-linux-x86_64-debian-gcc, r-devel-linux-x86_64-fedora-clang, r-devel-linux-x86_64-fedora-gcc, r-devel-windows-x86_64, r-devel-windows-x86_64-gcc10-UCRT, r-patched-linux-x86_64, r-patched-solaris-x86, r-release-linux-x86_64, r-release-macos-arm64, r-release-macos-x86_64, r-release-windows-ix86+x86_64