CRAN Package Check Results for Package spaMM

Last updated on 2021-12-01 05:59:40 CET.

Flavor Version Tinstall Tcheck Ttotal Status Flags
r-devel-linux-x86_64-debian-clang 3.9.25 206.91 286.53 493.44 OK
r-devel-linux-x86_64-debian-gcc 3.9.25 157.50 214.04 371.54 OK
r-devel-linux-x86_64-fedora-clang 3.9.25 641.04 NOTE
r-devel-linux-x86_64-fedora-gcc 3.9.25 621.80 OK
r-devel-windows-x86_64-new-UL 3.9.25 264.00 392.00 656.00 OK
r-devel-windows-x86_64-new-TK 3.9.25 OK
r-devel-windows-x86_64-old 3.9.25 248.00 274.00 522.00 OK
r-patched-linux-x86_64 3.9.25 192.07 284.22 476.29 OK
r-patched-solaris-x86 3.9.25 593.90 OK
r-release-linux-x86_64 3.9.25 188.34 284.37 472.71 OK
r-release-macos-arm64 3.9.25 NOTE
r-release-macos-x86_64 3.9.25 NOTE
r-release-windows-ix86+x86_64 3.9.25 405.00 299.00 704.00 NOTE
r-oldrel-macos-x86_64 3.9.25 NOTE
r-oldrel-windows-ix86+x86_64 3.9.25 290.00 297.00 587.00 NOTE

Check Details

Version: 3.9.25
Check: installed package size
Result: NOTE
     installed size is 36.6Mb
     sub-directories of 1Mb or more:
     R 2.1Mb
     libs 33.4Mb
Flavors: r-devel-linux-x86_64-fedora-clang, r-release-macos-arm64, r-release-macos-x86_64, r-release-windows-ix86+x86_64, r-oldrel-macos-x86_64, r-oldrel-windows-ix86+x86_64