CRAN Package Check Results for Package spBFA

Last updated on 2022-01-26 05:54:31 CET.

Flavor Version Tinstall Tcheck Ttotal Status Flags
r-devel-linux-x86_64-debian-clang 1.1 230.73 94.38 325.11 OK
r-devel-linux-x86_64-debian-gcc 1.1 174.42 74.84 249.26 OK
r-devel-linux-x86_64-fedora-clang 1.1 490.17 NOTE
r-devel-linux-x86_64-fedora-gcc 1.1 439.43 OK
r-devel-windows-x86_64-new-UL 1.1 188.00 148.00 336.00 OK
r-devel-windows-x86_64-new-TK 1.1 OK
r-patched-linux-x86_64 1.1 216.96 89.35 306.31 OK
r-release-linux-x86_64 1.1 212.05 87.76 299.81 OK
r-release-macos-arm64 1.1 NOTE
r-release-macos-x86_64 1.1 NOTE
r-release-windows-ix86+x86_64 1.1 578.00 153.00 731.00 NOTE
r-oldrel-macos-x86_64 1.1 NOTE
r-oldrel-windows-ix86+x86_64 1.1 579.00 151.00 730.00 NOTE

Check Details

Version: 1.1
Check: installed package size
Result: NOTE
     installed size is 11.9Mb
     sub-directories of 1Mb or more:
     data 2.3Mb
     libs 9.0Mb
Flavors: r-devel-linux-x86_64-fedora-clang, r-release-macos-arm64, r-release-macos-x86_64, r-release-windows-ix86+x86_64, r-oldrel-macos-x86_64, r-oldrel-windows-ix86+x86_64