CRAN Package Check Results for Package snakecase

Last updated on 2021-12-01 05:59:39 CET.

Flavor Version Tinstall Tcheck Ttotal Status Flags
r-devel-linux-x86_64-debian-clang 0.11.0 2.68 34.93 37.61 OK
r-devel-linux-x86_64-debian-gcc 0.11.0 1.90 27.39 29.29 OK
r-devel-linux-x86_64-fedora-clang 0.11.0 57.62 OK
r-devel-linux-x86_64-fedora-gcc 0.11.0 47.22 OK
r-devel-windows-x86_64-new-UL 0.11.0 12.00 79.00 91.00 WARN
r-devel-windows-x86_64-new-TK 0.11.0 WARN
r-devel-windows-x86_64-old 0.11.0 7.00 46.00 53.00 WARN
r-patched-linux-x86_64 0.11.0 2.90 34.55 37.45 OK
r-patched-solaris-x86 0.11.0 79.20 OK
r-release-linux-x86_64 0.11.0 2.64 35.02 37.66 OK
r-release-macos-arm64 0.11.0 OK
r-release-macos-x86_64 0.11.0 OK
r-release-windows-ix86+x86_64 0.11.0 6.00 41.00 47.00 OK
r-oldrel-macos-x86_64 0.11.0 OK
r-oldrel-windows-ix86+x86_64 0.11.0 5.00 55.00 60.00 WARN

Check Details

Version: 0.11.0
Check: R files for syntax errors
Result: WARN
    Warnings in file 'R/replace_special_characters_internal.R':
     unable to translate '<U+00C4>' to native encoding
     unable to translate '<U+00D6>' to native encoding
     unable to translate '<U+00DC>' to native encoding
     unable to translate '<U+00E4>' to native encoding
     unable to translate '<U+00F6>' to native encoding
     unable to translate '<U+00FC>' to native encoding
     unable to translate '<U+00DF>' to native encoding
     unable to translate '<U+00C6>' to native encoding
     unable to translate '<U+00E6>' to native encoding
     unable to translate '<U+00D8>' to native encoding
     unable to translate '<U+00F8>' to native encoding
     unable to translate '<U+00C5>' to native encoding
     unable to translate '<U+00E5>' to native encoding
     unable to translate '<U+00C6>' to native encoding
     unable to translate '<U+00E6>' to native encoding
     unable to translate '<U+00D8>' to native encoding
     unable to translate '<U+00F8>' to native encoding
     unable to translate '<U+00C6>' to native encoding
     unable to translate '<U+00E6>' to native encoding
     unable to translate '<U+00D8>' to native encoding
     unable to translate '<U+00F8>' to native encoding
     unable to translate '<U+00C5>' to native encoding
     unable to translate '<U+00E5>' to native encoding
Flavors: r-devel-windows-x86_64-new-UL, r-devel-windows-x86_64-new-TK, r-devel-windows-x86_64-old, r-oldrel-windows-ix86+x86_64