CRAN Package Check Results for Package sirt

Last updated on 2021-07-30 05:52:29 CEST.

Flavor Version Tinstall Tcheck Ttotal Status Flags
r-devel-linux-x86_64-debian-clang 3.9-4 OK
r-devel-linux-x86_64-debian-gcc 3.9-4 196.81 245.63 442.44 OK
r-devel-linux-x86_64-fedora-clang 3.9-4 833.48 NOTE
r-devel-linux-x86_64-fedora-gcc 3.9-4 783.07 OK
r-devel-windows-x86_64 3.9-4 270.00 378.00 648.00 NOTE
r-devel-windows-x86_64-gcc10-UCRT 3.9-4 OK
r-patched-linux-x86_64 3.9-4 OK
r-patched-solaris-x86 3.9-4 777.00 OK
r-release-linux-x86_64 3.9-4 234.23 328.13 562.36 OK
r-release-macos-arm64 3.9-4 NOTE
r-release-macos-x86_64 3.9-4 NOTE
r-release-windows-ix86+x86_64 3.9-4 637.00 371.00 1008.00 NOTE
r-oldrel-macos-x86_64 3.9-4 NOTE
r-oldrel-windows-ix86+x86_64 3.9-4 462.00 499.00 961.00 NOTE

Check Details

Version: 3.9-4
Check: installed package size
Result: NOTE
     installed size is 10.9Mb
     sub-directories of 1Mb or more:
     R 1.9Mb
     libs 7.0Mb
Flavors: r-devel-linux-x86_64-fedora-clang, r-devel-windows-x86_64, r-release-macos-arm64, r-release-macos-x86_64, r-release-windows-ix86+x86_64, r-oldrel-macos-x86_64, r-oldrel-windows-ix86+x86_64