CRAN Package Check Results for Package sindyr

Last updated on 2021-08-01 05:52:18 CEST.

Flavor Version Tinstall Tcheck Ttotal Status Flags
r-devel-linux-x86_64-debian-clang 0.2.3 2.88 39.33 42.21 OK
r-devel-linux-x86_64-debian-gcc 0.2.3 2.31 30.21 32.52 OK
r-devel-linux-x86_64-fedora-clang 0.2.3 59.43 NOTE
r-devel-linux-x86_64-fedora-gcc 0.2.3 48.88 NOTE
r-devel-windows-x86_64 0.2.3 26.00 59.00 85.00 OK
r-devel-windows-x86_64-gcc10-UCRT 0.2.3 NOTE
r-patched-linux-x86_64 0.2.3 OK
r-patched-solaris-x86 0.2.3 88.50 NOTE
r-release-linux-x86_64 0.2.3 2.71 38.27 40.98 OK
r-release-macos-arm64 0.2.3 NOTE
r-release-macos-x86_64 0.2.3 NOTE
r-release-windows-ix86+x86_64 0.2.3 9.00 44.00 53.00 OK
r-oldrel-macos-x86_64 0.2.3 NOTE
r-oldrel-windows-ix86+x86_64 0.2.3 9.00 59.00 68.00 OK

Check Details

Version: 0.2.3
Check: dependencies in R code
Result: NOTE
    Namespaces in Imports field not imported from:
     ‘crqa’ ‘plot3D’
     All declared Imports should be used.
Flavors: r-devel-linux-x86_64-fedora-clang, r-devel-linux-x86_64-fedora-gcc, r-devel-windows-x86_64-gcc10-UCRT, r-patched-solaris-x86, r-release-macos-arm64, r-release-macos-x86_64, r-oldrel-macos-x86_64