CRAN Package Check Results for Package shinyBS

Last updated on 2021-09-24 05:55:41 CEST.

Flavor Version Tinstall Tcheck Ttotal Status Flags
r-devel-linux-x86_64-debian-clang 0.61 3.30 33.72 37.02 NOTE
r-devel-linux-x86_64-debian-gcc 0.61 2.64 26.99 29.63 NOTE
r-devel-linux-x86_64-fedora-clang 0.61 52.88 NOTE
r-devel-linux-x86_64-fedora-gcc 0.61 43.04 NOTE
r-devel-windows-x86_64 0.61 5.00 43.00 48.00 NOTE
r-devel-windows-x86_64-gcc10-UCRT 0.61 NOTE
r-patched-linux-x86_64 0.61 7.21 33.24 40.45 NOTE
r-patched-solaris-x86 0.61 66.50 NOTE
r-release-linux-x86_64 0.61 2.65 33.15 35.80 NOTE
r-release-macos-arm64 0.61 NOTE
r-release-macos-x86_64 0.61 NOTE
r-release-windows-ix86+x86_64 0.61 8.00 43.00 51.00 NOTE
r-oldrel-macos-x86_64 0.61 NOTE
r-oldrel-windows-ix86+x86_64 0.61 7.00 40.00 47.00 NOTE

Check Details

Version: 0.61
Check: R code for possible problems
Result: NOTE
    popify: no visible global function definition for 'runif'
    tipify: no visible global function definition for 'runif'
    Undefined global functions or variables:
     runif
    Consider adding
     importFrom("stats", "runif")
    to your NAMESPACE file.
Flavors: r-devel-linux-x86_64-debian-clang, r-devel-linux-x86_64-debian-gcc, r-devel-linux-x86_64-fedora-clang, r-devel-linux-x86_64-fedora-gcc, r-devel-windows-x86_64, r-devel-windows-x86_64-gcc10-UCRT, r-patched-linux-x86_64, r-patched-solaris-x86, r-release-linux-x86_64, r-release-macos-arm64, r-release-macos-x86_64, r-release-windows-ix86+x86_64, r-oldrel-macos-x86_64, r-oldrel-windows-ix86+x86_64