CRAN Package Check Results for Package shapr

Last updated on 2021-10-18 05:54:34 CEST.

Flavor Version Tinstall Tcheck Ttotal Status Flags
r-devel-linux-x86_64-debian-clang 0.2.0 80.59 146.78 227.37 NOTE
r-devel-linux-x86_64-debian-gcc 0.2.0 56.15 108.32 164.47 NOTE
r-devel-linux-x86_64-fedora-clang 0.2.0 283.90 NOTE
r-devel-linux-x86_64-fedora-gcc 0.2.0 251.83 NOTE
r-devel-windows-x86_64 0.2.0 104.00 123.00 227.00 NOTE
r-devel-windows-x86_64-gcc10-UCRT 0.2.0 NOTE
r-patched-linux-x86_64 0.2.0 67.11 125.02 192.13 NOTE
r-patched-solaris-x86 0.2.0 249.90 NOTE
r-release-linux-x86_64 0.2.0 71.03 127.20 198.23 NOTE
r-release-macos-arm64 0.2.0 NOTE
r-release-macos-x86_64 0.2.0 NOTE
r-release-windows-ix86+x86_64 0.2.0 142.00 199.00 341.00 NOTE
r-oldrel-macos-x86_64 0.2.0 OK
r-oldrel-windows-ix86+x86_64 0.2.0 213.00 210.00 423.00 OK

Check Details

Version: 0.2.0
Check: LazyData
Result: NOTE
     'LazyData' is specified without a 'data' directory
Flavors: r-devel-linux-x86_64-debian-clang, r-devel-linux-x86_64-debian-gcc, r-devel-linux-x86_64-fedora-clang, r-devel-linux-x86_64-fedora-gcc, r-devel-windows-x86_64, r-devel-windows-x86_64-gcc10-UCRT, r-patched-linux-x86_64, r-patched-solaris-x86, r-release-linux-x86_64, r-release-macos-arm64, r-release-macos-x86_64, r-release-windows-ix86+x86_64