CRAN Package Check Results for Package shape

Last updated on 2021-09-20 05:50:20 CEST.

Flavor Version Tinstall Tcheck Ttotal Status Flags
r-devel-linux-x86_64-debian-clang 1.4.6 3.16 46.66 49.82 OK
r-devel-linux-x86_64-debian-gcc 1.4.6 2.27 36.60 38.87 OK
r-devel-linux-x86_64-fedora-clang 1.4.6 68.31 OK
r-devel-linux-x86_64-fedora-gcc 1.4.6 57.82 OK
r-devel-windows-x86_64 1.4.6 5.00 54.00 59.00 OK
r-devel-windows-x86_64-gcc10-UCRT 1.4.6 ERROR
r-patched-linux-x86_64 1.4.6 3.68 45.29 48.97 OK
r-patched-solaris-x86 1.4.6 80.00 OK
r-release-linux-x86_64 1.4.6 2.93 45.26 48.19 OK
r-release-macos-arm64 1.4.6 OK
r-release-macos-x86_64 1.4.6 OK
r-release-windows-ix86+x86_64 1.4.6 7.00 58.00 65.00 OK
r-oldrel-macos-x86_64 1.4.6 OK
r-oldrel-windows-ix86+x86_64 1.4.6 5.00 56.00 61.00 OK

Check Details

Version: 1.4.6
Check: whether package can be installed
Result: WARN
    Found the following significant warnings:
     WARNING: installation-time patches will not be applied, could not get the patches index
Flavor: r-devel-windows-x86_64-gcc10-UCRT

Version: 1.4.6
Check: PDF version of manual
Result: WARN
    LaTeX errors when creating PDF version.
    This typically indicates Rd problems.
Flavor: r-devel-windows-x86_64-gcc10-UCRT

Version: 1.4.6
Check: PDF version of manual without hyperrefs or index
Result: ERROR
    Re-running with no redirection of stdout/stderr.
Flavor: r-devel-windows-x86_64-gcc10-UCRT