CRAN Package Check Results for Package sfcr

Last updated on 2021-08-04 05:52:53 CEST.

Flavor Version Tinstall Tcheck Ttotal Status Flags
r-devel-linux-x86_64-debian-clang 0.1.1 38.57 106.79 145.36 NOTE
r-devel-linux-x86_64-debian-gcc 0.1.1 26.02 79.33 105.35 NOTE
r-devel-linux-x86_64-fedora-clang 0.1.1 183.37 NOTE
r-devel-linux-x86_64-fedora-gcc 0.1.1 170.12 NOTE
r-devel-windows-x86_64 0.1.1 45.00 142.00 187.00 NOTE
r-devel-windows-x86_64-gcc10-UCRT 0.1.1 NOTE
r-patched-linux-x86_64 0.1.1 31.00 100.80 131.80 NOTE
r-patched-solaris-x86 0.1.1 216.00 NOTE
r-release-linux-x86_64 0.1.1 31.00 99.46 130.46 NOTE
r-release-macos-arm64 0.1.1 WARN
r-release-macos-x86_64 0.1.1 NOTE
r-release-windows-ix86+x86_64 0.1.1 85.00 177.00 262.00 NOTE
r-oldrel-macos-x86_64 0.1.1 OK
r-oldrel-windows-ix86+x86_64 0.1.1 61.00 188.00 249.00 OK

Check Details

Version: 0.1.1
Check: LazyData
Result: NOTE
     'LazyData' is specified without a 'data' directory
Flavors: r-devel-linux-x86_64-debian-clang, r-devel-linux-x86_64-debian-gcc, r-devel-linux-x86_64-fedora-clang, r-devel-linux-x86_64-fedora-gcc, r-devel-windows-x86_64, r-devel-windows-x86_64-gcc10-UCRT, r-patched-linux-x86_64, r-patched-solaris-x86, r-release-linux-x86_64, r-release-macos-arm64, r-release-macos-x86_64, r-release-windows-ix86+x86_64

Version: 0.1.1
Check: re-building of vignette outputs
Result: WARN
    Error(s) in re-building vignettes:
     ...
    --- re-building ‘sfcr_multis.Rmd’ using rmarkdown
    Warning in engine$weave(file, quiet = quiet, encoding = enc) :
     Pandoc (>= 1.12.3) not available. Falling back to R Markdown v1.
    Quitting from lines 133-144 (sfcr_multis.Rmd)
    Error: processing vignette 'sfcr_multis.Rmd' failed with diagnostics:
    polygon edge not found
    --- failed re-building ‘sfcr_multis.Rmd’
    
    SUMMARY: processing the following file failed:
     ‘sfcr_multis.Rmd’
    
    Error: Vignette re-building failed.
    Execution halted
Flavor: r-release-macos-arm64