CRAN Package Check Results for Package sem

Last updated on 2021-09-23 05:51:42 CEST.

Flavor Version Tinstall Tcheck Ttotal Status Flags
r-devel-linux-x86_64-debian-clang 3.1-11 29.05 158.19 187.24 OK
r-devel-linux-x86_64-debian-gcc 3.1-11 21.58 117.80 139.38 OK
r-devel-linux-x86_64-fedora-clang 3.1-11 231.05 OK
r-devel-linux-x86_64-fedora-gcc 3.1-11 213.71 OK
r-devel-windows-x86_64 3.1-11 28.00 143.00 171.00 OK
r-devel-windows-x86_64-gcc10-UCRT 3.1-11 ERROR
r-patched-linux-x86_64 3.1-11 32.71 148.23 180.94 OK
r-patched-solaris-x86 3.1-11 299.00 OK
r-release-linux-x86_64 3.1-11 24.55 148.75 173.30 OK
r-release-macos-arm64 3.1-11 OK
r-release-macos-x86_64 3.1-11 OK
r-release-windows-ix86+x86_64 3.1-11 60.00 187.00 247.00 OK
r-oldrel-macos-x86_64 3.1-11 OK
r-oldrel-windows-ix86+x86_64 3.1-11 44.00 185.00 229.00 OK

Additional issues

rchk

Check Details

Version: 3.1-11
Check: package dependencies
Result: ERROR
    Package required but not available: 'mi'
    
    Package suggested but not available for checking: 'DiagrammeR'
    
    See section 'The DESCRIPTION file' in the 'Writing R Extensions'
    manual.
Flavor: r-devel-windows-x86_64-gcc10-UCRT