CRAN Package Check Results for Package scalpel

Last updated on 2021-08-01 05:52:17 CEST.

Flavor Version Tinstall Tcheck Ttotal Status Flags
r-devel-linux-x86_64-debian-clang 1.0.3 13.25 78.18 91.43 NOTE
r-devel-linux-x86_64-debian-gcc 1.0.3 10.60 59.68 70.28 NOTE
r-devel-linux-x86_64-fedora-clang 1.0.3 114.27 NOTE
r-devel-linux-x86_64-fedora-gcc 1.0.3 105.23 NOTE
r-devel-windows-x86_64 1.0.3 13.00 98.00 111.00 NOTE
r-devel-windows-x86_64-gcc10-UCRT 1.0.3 NOTE
r-patched-linux-x86_64 1.0.3 NOTE
r-patched-solaris-x86 1.0.3 147.90 NOTE
r-release-linux-x86_64 1.0.3 12.48 73.30 85.78 NOTE
r-release-macos-arm64 1.0.3 NOTE
r-release-macos-x86_64 1.0.3 NOTE
r-release-windows-ix86+x86_64 1.0.3 27.00 124.00 151.00 NOTE
r-oldrel-macos-x86_64 1.0.3 OK
r-oldrel-windows-ix86+x86_64 1.0.3 20.00 124.00 144.00 OK

Check Details

Version: 1.0.3
Check: LazyData
Result: NOTE
     'LazyData' is specified without a 'data' directory
Flavors: r-devel-linux-x86_64-debian-clang, r-devel-linux-x86_64-debian-gcc, r-devel-linux-x86_64-fedora-clang, r-devel-linux-x86_64-fedora-gcc, r-devel-windows-x86_64, r-devel-windows-x86_64-gcc10-UCRT, r-patched-linux-x86_64, r-patched-solaris-x86, r-release-linux-x86_64, r-release-macos-arm64, r-release-macos-x86_64, r-release-windows-ix86+x86_64