CRAN Package Check Results for Package rviewgraph

Last updated on 2021-07-31 05:52:02 CEST.

Flavor Version Tinstall Tcheck Ttotal Status Flags
r-devel-linux-x86_64-debian-clang 1.4.1 4.31 78.46 82.77 OK
r-devel-linux-x86_64-debian-gcc 1.4.1 3.32 58.70 62.02 OK
r-devel-linux-x86_64-fedora-clang 1.4.1 106.42 OK
r-devel-linux-x86_64-fedora-gcc 1.4.1 97.83 OK
r-devel-windows-x86_64 1.4.1 5.00 109.00 114.00 OK
r-devel-windows-x86_64-gcc10-UCRT 1.4.1 OK
r-patched-linux-x86_64 1.4.1 OK
r-release-linux-x86_64 1.4.1 3.85 75.89 79.74 OK
r-release-macos-arm64 1.4.1 ERROR
r-release-macos-x86_64 1.4.1 OK
r-release-windows-ix86+x86_64 1.4.1 10.00 101.00 111.00 OK
r-oldrel-macos-x86_64 1.4.1 OK
r-oldrel-windows-ix86+x86_64 1.4.1 9.00 103.00 112.00 OK

Check Details

Version: 1.4.1
Check: whether package can be installed
Result: ERROR
    Installation failed.
Flavor: r-release-macos-arm64