CRAN Package Check Results for Package rsyntax

Last updated on 2021-08-04 05:52:51 CEST.

Flavor Version Tinstall Tcheck Ttotal Status Flags
r-devel-linux-x86_64-debian-clang 0.1.2 7.77 71.14 78.91 OK
r-devel-linux-x86_64-debian-gcc 0.1.2 4.59 50.61 55.20 OK
r-devel-linux-x86_64-fedora-clang 0.1.2 97.39 NOTE
r-devel-linux-x86_64-fedora-gcc 0.1.2 87.14 OK
r-devel-windows-x86_64 0.1.2 8.00 93.00 101.00 OK
r-devel-windows-x86_64-gcc10-UCRT 0.1.2 OK
r-patched-linux-x86_64 0.1.2 7.79 65.71 73.50 OK
r-patched-solaris-x86 0.1.2 112.10 OK
r-release-linux-x86_64 0.1.2 7.24 64.83 72.07 OK
r-release-macos-arm64 0.1.2 OK
r-release-macos-x86_64 0.1.2 OK
r-release-windows-ix86+x86_64 0.1.2 11.00 89.00 100.00 OK
r-oldrel-macos-x86_64 0.1.2 OK
r-oldrel-windows-ix86+x86_64 0.1.2 8.00 94.00 102.00 OK

Check Details

Version: 0.1.2
Check: Rd cross-references
Result: NOTE
    Undeclared package ‘spacyr’ in Rd xrefs
Flavor: r-devel-linux-x86_64-fedora-clang