CRAN Package Check Results for Package rsetse

Last updated on 2021-08-03 05:53:01 CEST.

Flavor Version Tinstall Tcheck Ttotal Status Flags
r-devel-linux-x86_64-debian-clang 0.5.0 5.10 110.75 115.85 OK
r-devel-linux-x86_64-debian-gcc 0.5.0 4.08 79.94 84.02 OK
r-devel-linux-x86_64-fedora-clang 0.5.0 139.81 OK
r-devel-linux-x86_64-fedora-gcc 0.5.0 131.55 OK
r-devel-windows-x86_64 0.5.0 6.00 143.00 149.00 OK
r-devel-windows-x86_64-gcc10-UCRT 0.5.0 OK
r-patched-linux-x86_64 0.5.0 4.91 102.42 107.33 OK
r-patched-solaris-x86 0.5.0 192.30 OK
r-release-linux-x86_64 0.5.0 4.83 101.38 106.21 OK
r-release-macos-arm64 0.5.0 WARN
r-release-macos-x86_64 0.5.0 OK
r-release-windows-ix86+x86_64 0.5.0 10.00 145.00 155.00 OK
r-oldrel-macos-x86_64 0.5.0 OK
r-oldrel-windows-ix86+x86_64 0.5.0 6.00 142.00 148.00 OK

Check Details

Version: 0.5.0
Check: re-building of vignette outputs
Result: WARN
    Error(s) in re-building vignettes:
    --- re-building ‘Categorical-and-continuous-features.Rmd’ using rmarkdown
    Warning in engine$weave(file, quiet = quiet, encoding = enc) :
     Pandoc (>= 1.12.3) not available. Falling back to R Markdown v1.
    
    Attaching package: 'igraph'
    
    The following objects are masked from 'package:stats':
    
     decompose, spectrum
    
    The following object is masked from 'package:base':
    
     union
    
    
    Attaching package: 'dplyr'
    
    The following objects are masked from 'package:igraph':
    
     as_data_frame, groups, union
    
    The following objects are masked from 'package:stats':
    
     filter, lag
    
    The following objects are masked from 'package:base':
    
     intersect, setdiff, setequal, union
    
    Loading required package: ggplot2
    Using `stress` as default layout
    Quitting from lines 31-35 (Categorical-and-continuous-features.Rmd)
    Error: processing vignette 'Categorical-and-continuous-features.Rmd' failed with diagnostics:
    polygon edge not found
    --- failed re-building ‘Categorical-and-continuous-features.Rmd’
    
    --- re-building ‘separate-peels-quintet.Rmd’ using rmarkdown
    Warning in engine$weave(file, quiet = quiet, encoding = enc) :
     Pandoc (>= 1.12.3) not available. Falling back to R Markdown v1.
    
    Attaching package: 'dplyr'
    
    The following objects are masked from 'package:stats':
    
     filter, lag
    
    The following objects are masked from 'package:base':
    
     intersect, setdiff, setequal, union
    
    
    Attaching package: 'igraph'
    
    The following objects are masked from 'package:purrr':
    
     compose, simplify
    
    The following object is masked from 'package:tidyr':
    
     crossing
    
    The following objects are masked from 'package:dplyr':
    
     as_data_frame, groups, union
    
    The following objects are masked from 'package:stats':
    
     decompose, spectrum
    
    The following object is masked from 'package:base':
    
     union
    
    Using `stress` as default layout
    Quitting from lines 45-74 (separate-peels-quintet.Rmd)
    Error: processing vignette 'separate-peels-quintet.Rmd' failed with diagnostics:
    polygon edge not found
    --- failed re-building ‘separate-peels-quintet.Rmd’
    
    SUMMARY: processing the following files failed:
     ‘Categorical-and-continuous-features.Rmd’
     ‘separate-peels-quintet.Rmd’
    
    Error: Vignette re-building failed.
    Execution halted
Flavor: r-release-macos-arm64