CRAN Package Check Results for Package rmcfs

Last updated on 2021-08-04 05:52:50 CEST.

Flavor Version Tinstall Tcheck Ttotal Status Flags
r-devel-linux-x86_64-debian-clang 1.3.4 11.18 186.58 197.76 OK
r-devel-linux-x86_64-debian-gcc 1.3.4 8.12 147.26 155.38 OK
r-devel-linux-x86_64-fedora-clang 1.3.4 237.41 OK
r-devel-linux-x86_64-fedora-gcc 1.3.4 227.01 OK
r-devel-windows-x86_64 1.3.4 13.00 154.00 167.00 OK
r-devel-windows-x86_64-gcc10-UCRT 1.3.4 OK
r-patched-linux-x86_64 1.3.4 10.93 185.58 196.51 OK
r-patched-solaris-x86 1.3.4 309.00 NOTE
r-release-linux-x86_64 1.3.4 10.86 186.92 197.78 OK
r-release-macos-arm64 1.3.4 ERROR
r-release-macos-x86_64 1.3.4 OK
r-release-windows-ix86+x86_64 1.3.4 23.00 147.00 170.00 OK
r-oldrel-macos-x86_64 1.3.4 OK
r-oldrel-windows-ix86+x86_64 1.3.4 18.00 150.00 168.00 OK

Check Details

Version: 1.3.4
Check: installed package size
Result: NOTE
     installed size is 5.4Mb
     sub-directories of 1Mb or more:
     java 4.4Mb
Flavor: r-patched-solaris-x86

Version: 1.3.4
Check: whether package can be installed
Result: ERROR
    Installation failed.
Flavor: r-release-macos-arm64