CRAN Package Check Results for Package regressoR

Last updated on 2021-10-19 05:51:12 CEST.

Flavor Version Tinstall Tcheck Ttotal Status Flags
r-devel-linux-x86_64-debian-clang 2.0.1 21.13 150.12 171.25 OK
r-devel-linux-x86_64-debian-gcc 2.0.1 17.55 110.54 128.09 OK
r-devel-linux-x86_64-fedora-clang 2.0.1 213.87 NOTE
r-devel-linux-x86_64-fedora-gcc 2.0.1 201.64 OK
r-devel-windows-x86_64 2.0.1 35.00 141.00 176.00 OK
r-devel-windows-x86_64-gcc10-UCRT 2.0.0 OK
r-patched-linux-x86_64 2.0.1 20.92 141.59 162.51 OK
r-patched-solaris-x86 2.0.1 273.80 OK
r-release-linux-x86_64 2.0.1 22.00 142.68 164.68 OK
r-release-macos-arm64 2.0.0 OK
r-release-macos-x86_64 2.0.1 OK
r-release-windows-ix86+x86_64 2.0.1 35.00 125.00 160.00 OK
r-oldrel-macos-x86_64 1.2.1 OK
r-oldrel-windows-ix86+x86_64 1.2.1 20.00 126.00 146.00 OK

Check Details

Version: 2.0.1
Check: Rd cross-references
Result: NOTE
    Undeclared package ‘psych’ in Rd xrefs
Flavor: r-devel-linux-x86_64-fedora-clang