CRAN Package Check Results for Package rcrimeanalysis

Last updated on 2021-08-03 05:52:59 CEST.

Flavor Version Tinstall Tcheck Ttotal Status Flags
r-devel-linux-x86_64-debian-clang 0.4.2 16.93 171.57 188.50 OK
r-devel-linux-x86_64-debian-gcc 0.4.2 13.71 129.21 142.92 OK
r-devel-linux-x86_64-fedora-clang 0.4.2 233.22 NOTE
r-devel-linux-x86_64-fedora-gcc 0.4.2 218.48 NOTE
r-devel-windows-x86_64 0.4.2 26.00 212.00 238.00 OK
r-devel-windows-x86_64-gcc10-UCRT 0.4.2 NOTE
r-patched-linux-x86_64 0.4.2 16.25 161.63 177.88 OK
r-patched-solaris-x86 0.4.2 339.20 NOTE
r-release-linux-x86_64 0.4.2 14.52 162.32 176.84 OK
r-release-macos-arm64 0.4.2 NOTE
r-release-macos-x86_64 0.4.2 NOTE
r-release-windows-ix86+x86_64 0.4.2 37.00 205.00 242.00 OK
r-oldrel-macos-x86_64 0.4.2 NOTE
r-oldrel-windows-ix86+x86_64 0.4.2 39.00 204.00 243.00 OK

Check Details

Version: 0.4.2
Check: dependencies in R code
Result: NOTE
    Namespaces in Imports field not imported from:
     ‘Rcpp’ ‘dplyr’
     All declared Imports should be used.
Flavors: r-devel-linux-x86_64-fedora-clang, r-devel-linux-x86_64-fedora-gcc, r-devel-windows-x86_64-gcc10-UCRT, r-patched-solaris-x86, r-release-macos-arm64, r-release-macos-x86_64, r-oldrel-macos-x86_64