CRAN Package Check Results for Package ramlegacy

Last updated on 2022-01-22 05:10:28 CET.

Flavor Version Tinstall Tcheck Ttotal Status Flags
r-devel-linux-x86_64-debian-clang 0.2.0 2.39 42.85 45.24 NOTE
r-devel-linux-x86_64-debian-gcc 0.2.0 1.93 34.20 36.13 NOTE
r-devel-linux-x86_64-fedora-clang 0.2.0 57.39 NOTE
r-devel-linux-x86_64-fedora-gcc 0.2.0 46.15 NOTE
r-devel-windows-x86_64-new-UL 0.2.0 33.00 83.00 116.00 NOTE
r-devel-windows-x86_64-new-TK 0.2.0 NOTE
r-patched-linux-x86_64 0.2.0 3.28 42.35 45.63 NOTE
r-release-linux-x86_64 0.2.0 3.17 42.84 46.01 NOTE
r-release-macos-arm64 0.2.0 NOTE
r-release-macos-x86_64 0.2.0 NOTE
r-release-windows-ix86+x86_64 0.2.0 8.00 60.00 68.00 NOTE
r-oldrel-macos-x86_64 0.2.0 OK
r-oldrel-windows-ix86+x86_64 0.2.0 8.00 56.00 64.00 OK

Check Details

Version: 0.2.0
Check: LazyData
Result: NOTE
     'LazyData' is specified without a 'data' directory
Flavors: r-devel-linux-x86_64-debian-clang, r-devel-linux-x86_64-debian-gcc, r-devel-linux-x86_64-fedora-clang, r-devel-linux-x86_64-fedora-gcc, r-devel-windows-x86_64-new-UL, r-devel-windows-x86_64-new-TK, r-patched-linux-x86_64, r-release-linux-x86_64, r-release-macos-arm64, r-release-macos-x86_64, r-release-windows-ix86+x86_64