CRAN Package Check Results for Package qtlnet

Last updated on 2021-08-01 05:52:13 CEST.

Flavor Version Tinstall Tcheck Ttotal Status Flags
r-devel-linux-x86_64-debian-clang 1.5.4 24.34 203.13 227.47 OK
r-devel-linux-x86_64-debian-gcc 1.5.4 22.08 151.17 173.25 OK
r-devel-linux-x86_64-fedora-clang 1.5.4 283.09 OK
r-devel-linux-x86_64-fedora-gcc 1.5.4 265.51 OK
r-devel-windows-x86_64 1.5.4 52.00 231.00 283.00 OK
r-devel-windows-x86_64-gcc10-UCRT 1.5.4 OK
r-patched-linux-x86_64 1.5.4 OK
r-patched-solaris-x86 1.5.4 363.90 OK
r-release-linux-x86_64 1.5.4 24.58 189.23 213.81 OK
r-release-macos-arm64 1.5.4 ERROR
r-release-macos-x86_64 1.5.4 OK
r-release-windows-ix86+x86_64 1.5.4 51.00 174.00 225.00 OK
r-oldrel-macos-x86_64 1.5.4 OK
r-oldrel-windows-ix86+x86_64 1.5.4 62.00 233.00 295.00 OK

Check Details

Version: 1.5.4
Check: package dependencies
Result: ERROR
    Package required but not available: ‘pcalg’
    
    See section ‘The DESCRIPTION file’ in the ‘Writing R Extensions’
    manual.
Flavor: r-release-macos-arm64